tors of 9/((-10)/16 + 1)?
2, 3
Suppose -2*u - 5*n + 109 = 0, -5*u + 5*n - 3*n = -287. What are the prime factors of u?
3, 19
Suppose 68 = 3*o - 0*o - 4*q, 4*q = 5*o - 100. Suppose -4*t = b - 47, -o = -4*t + 3*b + 19. Suppose -4*v + t = -9. List the prime factors of v.
5
List the prime factors of 70 - (-4)/20*0.
2, 5, 7
Let a(h) = -5*h**3 - 2*h**2 + 2*h - 1. Let s be a(1). Let y be ((-27)/6)/(s/8). List the prime factors of (y/(-3))/(-2)*12.
2, 3
Suppose -9*q + 95 + 886 = 0. What are the prime factors of q?
109
Let x(h) = -h - 5. Suppose -2*q = -4*t + 4 - 0, 3*q = -5*t + 16. Suppose t*g + 13 = -2*z - 5, -3*g - 2*z = 28. What are the prime factors of x(g)?
5
Suppose 0 = -5*z - 3*b + 466, -219 = -2*z + 4*b - 43. What are the prime factors of ((-6)/12)/((-2)/z)?
23
Let k(m) = m**3 - 4*m**2 - 7. Let q = 11 - 2. Suppose 0*s = 3*i - 2*s - q, 5*s = 3*i. What are the prime factors of k(i)?
2, 3
Suppose 0 = 2*i - 6 + 2. Let r(b) = 5*b + i - 5*b**2 - b**3 + 0*b**2 - b + 0*b. List the prime factors of r(-6).
2, 7
Suppose -2*t = 8 - 0, 0 = -3*g - t - 4. Suppose s + 2 = g, a - 58 = 6*a + 4*s. List the prime factors of (a + 1)/(9/(-6)).
2, 3
Suppose 2*n - n - 34 = 0. Suppose -46 = -2*p + n. List the prime factors of p.
2, 5
List the prime factors of 0 + 9 + -5 + 2.
2, 3
Let r be (-1876)/(-21) - 4/(-6). Suppose 3*z + 2*z = r. List the prime factors of z.
2, 3
Let i(f) = f**2 + 2*f + 1. Let g be (5/2)/((-1)/(-4)). Suppose -g + 0 = 2*w. What are the prime factors of i(w)?
2
Suppose -9 + 3 = -3*n, -2*v = n - 100. List the prime factors of v.
7
Let s = -3 - -7. Suppose -21 = -5*p + s*p. Suppose 0 = 3*n - 4*q - p, 8*n - 3*q = 4*n + 28. List the prime factors of n.
7
Let q(h) = 9*h**2 - 16*h + 1. What are the prime factors of q(-2)?
3, 23
Let b(k) = k**2 + 10*k + 5. Let n be b(-7). Let p = 28 + n. Suppose g = -3*g + p. What are the prime factors of g?
3
Let u(o) = 6*o**3 + o**2 - 1. Let a be u(-1). Let i(y) = -y**2 - 5*y + 11. List the prime factors of i(a).
5
Suppose 6 = 2*l - 2. Suppose 2*j = -4*w + 3 + 27, -l*w = 3*j - 39. What are the prime factors of 2 + j/3 + 4?
3
Suppose 2*l - 1 = 5*t - 5, 16 = 5*t + 2*l. Let m = 5 - t. Suppose 4*u = m*v - 6 - 0, 0 = 2*v + 2*u - 18. What are the prime factors of v?
2, 3
Suppose 0 = -4*o - 242 + 730. List the prime factors of o.
2, 61
Suppose 5*o = -2*d - 25, -2*o - 2 = 5*d + 8. Suppose -j + 11 + 26 = d. List the prime factors of j.
37
Let d(n) = -n**3 - 2*n**2 + 3*n - 5. Suppose -5*x + 2*u = 30, u = -4*x - 5 - 6. What are the prime factors of d(x)?
3, 5
Suppose -2*m - 160 = 3*m. List the prime factors of -3 + m/(4/(-4)).
29
Let v be (0 + -1)/(2/(-4)). Suppose v*o = 2*f - 32, 5 = -5*o + 4*o. What are the prime factors of f?
11
Let s be (-26)/(-4) + (-9)/6. Suppose 2*n = -s*d + 6*n + 31, -d = -5*n - 2. List the prime factors of d.
7
Let n(w) = -w - 4. Let r be n(-3). Let v be (-112)/(-10) + r/5. Let f = v - 7. What are the prime factors of f?
2
Let v(a) = -10*a**3 - 2*a**2 + 3*a + 2. Let k be v(-2). Suppose -2 = 4*g + 2*l - k, 0 = g + 3*l - 29. What are the prime factors of g?
2, 7
Let l = 420 + -272. What are the prime factors of l?
2, 37
Let k = 229 - 159. What are the prime factors of k?
2, 5, 7
Let j be (-6)/24 - (-1)/4. Suppose j = -3*u + 3*b + 12, -4*u - 2*b = 14 - 0. List the prime factors of u + (8 - -3) + -3.
7
Let d be 232/3 - 1/3. Let q = d + -45. Suppose 5*t - 2*y - q = 8, -4*t + 49 = -5*y. What are the prime factors of t?
2, 3
Let w be (-16)/(-6) + 2/6. Suppose 60 = 2*h + w*h. What are the prime factors of h?
2, 3
Suppose 3*w = 99 + 3. List the prime factors of w.
2, 17
Let a = 125 + 60. Suppose -4*i + 9*i - a = 0. List the prime factors of i.
37
Let q be 4*3/(-6) - -8. Suppose -q*z + 4*z + 82 = 0. List the prime factors of z.
41
Let m(x) = -4*x + 0*x - 6 + 2*x. Let q = -54 + 46. What are the prime factors of m(q)?
2, 5
Let t = -147 + 225. What are the prime factors of t?
2, 3, 13
Let m(k) be the second derivative of k**3/6 + k**2/2 - k. Let i be m(-8). What are the prime factors of (i - 1)*(-6)/8?
2, 3
Let g(r) = -4*r - 10. List the prime factors of g(-7).
2, 3
Suppose -l + 2 = -2. List the prime factors of l.
2
Let h(d) = -d**3 + 8*d**2 - 8*d + 10. Let r be h(7). Suppose r*b + 15 = -2*n, 0*n = n - 5*b - 25. Let z = 4 - n. List the prime factors of z.
2
Suppose 5*t + 3*p - 992 = 5*p, 3*t = p + 595. What are the prime factors of t?
2, 3, 11
Let n(d) = 8*d**2 + d + 1. Let z be n(-1). Let u(p) = 70*p - 9*p**2 + 2*p**3 + 11 - 63*p - p**3. List the prime factors of u(z).
3
Suppose 0 = -6*t + 3*t + 12, -4*d - t + 16 = 0. Suppose 0 = d*i + 3*j + 12, -3*i + j = i - 4. Suppose -6 = -3*u - i. What are the prime factors of u?
2
Let q(g) = -g**2 - 5. Let x(b) = -b**3 + 4*b**2 - 2*b - 3. Let k be x(3). Let s be q(k). List the prime factors of ((-3)/5)/(1/s).
3
List the prime factors of 2/9 - 392/(-18).
2, 11
Let f(c) = -11*c**2 + c - 1. Let p be f(1). Let d = 23 + p. What are the prime factors of d?
2, 3
Let a be ((-7)/(21/36))/(-2). Suppose 4*d + a = 86. What are the prime factors of d?
2, 5
Suppose -5*p = -2*t - 212, -2*p + 83 = 3*t - 2*t. What are the prime factors of p?
2, 3, 7
Let i be 0 - (0 + -3)*6. Let n = i - 1. What are the prime factors of n?
17
Let r(i) be the first derivative of i**4/12 - i**3/6 - 2*i**2 + 2*i + 2. Let g(q) be the first derivative of r(q). What are the prime factors of g(-3)?
2
Suppose c + 4*u = -9, 3*u - 8*u + 30 = 5*c. Let n = -5 + c. Let l(f) = f**3 - 6*f**2 + 2. What are the prime factors of l(n)?
2
Let s be (22/(-4))/(2/(-4)). Let x(c) = -7*c + 102*c**2 + 4 - 3*c - 2 - 101*c**2. List the prime factors of x(s).
13
Let b(p) = p**2 - 10*p + 9. List the prime factors of b(10).
3
Let b(y) = 6*y**2 + 13*y + 50. What are the prime factors of b(-6)?
2, 47
Let k = 17 + 9. What are the prime factors of k?
2, 13
Let v = -10 - -53. Let d be (1/3)/(2/18). Suppose d*u - 2*u + 13 = l, -4*u - v = -3*l. List the prime factors of l.
3
Suppose -11 - 7 = -3*j. Suppose j = f + 1. What are the prime factors of f?
5
Suppose -4*f + 166 = 5*a, -f = -3*f + 4*a + 70. List the prime factors of f.
3, 13
Let z = 167 - 327. Let d be z/(-88) - (-2)/11. What are the prime factors of 2 - 6*(d - 4)?
2, 7
Let k be (-18 + 0)/(-3) - 1. Let c(p) = 2*p - 5 - k + 3. What are the prime factors of c(6)?
5
What are the prime factors of 2 - (-210)/4*(-24)/(-10)?
2
Let v(o) = -o**3 - o + 7. What are the prime factors of v(0)?
7
Let b(z) = -2*z + 1. Let a(x) = 3*x - 1. Let j(n) = -3*a(n) - 4*b(n). What are the prime factors of j(-5)?
2
Let a = 65 + 45. Suppose -w = -2*y - 65, 7*w - 3*w = 3*y + a. What are the prime factors of 20/(-6)*36/y?
2
Suppose 0 = -b + 4*b - 12. Suppose -t = -5*m - 2*t + b, -4*m - 2*t = -8. Suppose 4*x = -v + 17, v - x = -m*v + 17. List the prime factors of v.
17
Let h = -8 + 3. Let o be 1 + h/((-10)/(-44)). Let u = -8 - o. List the prime factors of u.
13
Let g be 3/4 + 63/28. What are the prime factors of (-35 - g - 0)/(-2)?
19
Let x(d) be the first derivative of 3*d**2/2 + 8*d + 8. List the prime factors of x(6).
2, 13
Let z = -15 + 3. Let p = 24 + -4. Let l = z + p. What are the prime factors of l?
2
Let g(a) = a**2 + 6*a. Let p be g(5). Let i = 4 + 0. Suppose o = -i*o + p. List the prime factors of o.
11
What are the prime factors of 6/10 + 18486/65?
3, 5, 19
Suppose 2*z - 12 = -z, 2*h - 3*z - 128 = 0. What are the prime factors of h?
2, 5, 7
Suppose -18*r + 1392 = -14*r. List the prime factors of r.
2, 3, 29
Let a(u) = 3*u**2 + 22*u - 14. What are the prime factors of a(-10)?
2, 3, 11
Suppose -3*f + 101 = -v - 132, 5*f - 5*v - 385 = 0. List the prime factors of f.
2, 3, 13
Let r = -105 + 59. What are the prime factors of (-4)/(-8) + r/(-4)?
2, 3
Suppose 0 = -7*t + 2*t + 155. Suppose 0 = 4*b - t - 33. Suppose -5*w + j + b = 0, -w + 2*j + 8 - 3 = 0. What are the prime factors of w?
3
Let o be (-70 - -5)*1/(-1). Suppose 0 = -3*g + 52 + o. List the prime factors of g.
3, 13
Let p(l) = l**2 + 2. Let n(r) be the third derivative of r**6/120 + r**5/15 + r**3/2 + 2*r**2. Let t be n(-4). List the prime factors of p(t).
11
Suppose 42*x + 68 = 46*x. What are the prime factors of x?
17
Suppose 68 = f + 5*l, -6*l - 106 = -2*f - l. What are the prime factors of f?
2, 29
Suppose 4 - 2 = 2*m. Let n(b) = b**3 + 5*b**2 - 2